5*1*(-19 - -2). Let u = -61 - s. What is the greatest common divisor of 16 and u?
8
Suppose 11 = -4*i - 5. Let q = -2 - i. What is the greatest common factor of 14 and q?
2
Let a = -10 + 17. What is the highest common factor of 77 and a?
7
Let s = 9 + 3. Calculate the highest common divisor of s and 30.
6
Let u = 201 + -125. Calculate the highest common divisor of u and 19.
19
Suppose 0 = 5*o - b - 359, o + 0 - 70 = 2*b. Calculate the highest common divisor of o and 9.
9
Let a(j) = -j + 2. Let n be a(0). What is the greatest common divisor of 14 and n?
2
Let w be (24/32)/((-1)/(-12)). Calculate the highest common factor of 117 and w.
9
Let v be (-20)/35 - (-354)/7. Calculate the highest common factor of v and 20.
10
Suppose 6 = 5*y - 4. Suppose -y*s - 2 = -s, -12 = -j - s. Calculate the highest common divisor of 112 and j.
14
Let z = 131 + -5. Suppose 0 = -3*m, -4*a - 4*m = -a - z. What is the highest common divisor of a and 14?
14
Let j(q) = -q - 12. Let p be j(-10). Let g = 4 + p. Let w be 17*2 - (g - 4). Calculate the highest common divisor of 90 and w.
18
Suppose -50 = -5*o + 4*g, 50 = 5*o - 2*g + 6*g. Calculate the highest common divisor of 10 and o.
10
Let k = 2 + 20. Suppose -3*p - p + 164 = 0. Let d = p + 14. What is the greatest common factor of k and d?
11
Let r(n) = n**2 - 2*n + 8. Let s(l) = -l**2 + 3*l + 4. Let q be s(5). Let z be r(q). What is the greatest common divisor of z and 8?
8
Suppose 4*f = 2*v + 98, 2*v = -2*f + 46 + 6. What is the highest common factor of 175 and f?
25
Let d(x) be the first derivative of -x**3/3 + 5*x**2/2 - x + 3. Let k be d(4). Let w = 29 - 8. What is the highest common divisor of w and k?
3
Let u be 191/4 + 2/8. Suppose 0 = 2*l + 8, q - 4 = 4*l + 32. Let f = q + -8. Calculate the highest common factor of f and u.
12
Let r = 32 - 28. What is the highest common divisor of 1 and r?
1
Let s(y) = y**2 + 2*y - 7. Let d be s(-6). Suppose -d*k = -22*k + 100. Calculate the greatest common factor of 30 and k.
10
Suppose -2*k + 66 = h, 0 = -h - h. What is the highest common divisor of k and 22?
11
Let l be (-1204)/(-6) + 12/(-18). Suppose 0*n + l = 5*n. What is the greatest common divisor of n and 20?
20
Suppose 8 = 3*a + 29. Let r = 29 + a. Let u = -13 - -35. Calculate the highest common factor of r and u.
22
Suppose -4*r = -8*r + 8. Suppose -5*c + 126 = -r*c. Calculate the highest common factor of c and 6.
6
Let k(v) = 5*v**2 + 13*v - 13. Let w be k(9). Suppose -2*d = -4*r + d + w, 2*d = 5*r - 638. What is the greatest common divisor of r and 16?
16
Suppose 5*r + s = 14, 3 - 23 = -5*s. Suppose r*m = 6*m - 36. Suppose -n - 2 = 0, 5*g - m = -n + 19. Calculate the highest common divisor of g and 18.
6
Suppose -11 - 52 = 3*u. Let x = 3 - 32. Let p = u - x. Calculate the greatest common factor of 88 and p.
8
Suppose -5*f + 2 = 42. Let n(x) = -4*x + 8. Let m be n(f). Let b = 24 + -8. Calculate the greatest common factor of b and m.
8
Let b = -27 - -26. Let q = 21 + b. What is the highest common factor of 220 and q?
20
Suppose 6 = 4*g - 3*g. Let h be 2/g - (-41)/3. What is the greatest common factor of 14 and h?
14
Let d(s) = -s**3 - 5*s**2 - 4*s - 4. Let u be d(-4). Let j be 11 - 2/(2 + u). What is the highest common factor of j and 24?
12
Let o(w) = w**3 - 4*w**2 - 7*w + 5. Let p be o(6). What is the highest common divisor of p and 7?
7
Let y be (-2)/(-5) - (-76)/10. Let o(j) = -4*j**3 + 2*j**3 - y - 6*j**2 + 3*j**3 + 2*j. Let k be o(6). What is the greatest common divisor of k and 32?
4
Suppose -4*l = -12, 4*o - 3*l = 63 + 36. Let b be 3/(-2) + (105/10 - 6). Calculate the highest common divisor of o and b.
3
Suppose -3*p - 1 = f, -2*f + 0*p = 4*p - 4. Let b be (-7914)/(-33) + f/44. Suppose 2*m + m - b = 0. What is the greatest common factor of m and 10?
10
Let j(r) = r - 3*r - 3 + 1 - 2. Let o be j(-5). What is the greatest common divisor of 6 and o?
6
Let u(y) = -2*y**3 + y**2 - y + 1. Let d be u(-3). Suppose 2*t - 71 = -5*z, 0 = 5*z - 0*z + 4*t - d. What is the greatest common factor of 90 and z?
15
Let t(u) = u**2 - 5*u - 5. Let o be t(8). Let m = o + -2. What is the greatest common factor of m and 153?
17
Let t = 16 + -12. Suppose -k + 4*k + 2*y - 54 = 0, 4*y = 5*k - 112. Calculate the greatest common factor of k and t.
4
Let g be 1 - 1/(2/(-232)). Let o be 102/10 + (-3)/15 - -3. Calculate the highest common factor of o and g.
13
Let l be (-6)/(-24) + (-14)/(-8). Suppose l*v = -5*f + 115, 0 = 5*f - 5 - 10. What is the greatest common factor of v and 20?
10
Let c(p) = -6*p**2 + 3*p + 3. Let n be c(-2). Let g = -13 - n. What is the greatest common divisor of 140 and g?
14
Let g = 2 + 0. Let w be (-4 - -62) + (-1 - g). Suppose -2*i + w = -i. Calculate the highest common factor of 5 and i.
5
Suppose 70 = 5*j - 2*o, 0*j - 4 = j - 4*o. What is the highest common divisor of j and 2?
2
Let s(q) = q - 8. Let x be s(8). Suppose x*i = -4*i + 40. Calculate the highest common factor of 10 and i.
10
Suppose 5*v - 8 = -18. Let q be 4 + v + 1*12. Suppose 336 = 3*h - 0*h. Calculate the highest common divisor of h and q.
14
Let g be 48/8 + (2 - 0) + -5. What is the highest common divisor of 27 and g?
3
Suppose -2*p + 234 + 250 = 0. Suppose 0 = 3*y + 4*m + m - p, 0 = 3*y + 3*m - 246. Calculate the greatest common divisor of y and 12.
12
Suppose -3*q + 8 = -2*h - 2*h, 2*q - 36 = -5*h. What is the highest common factor of q and 16?
8
Let d(x) = -x - 67. Let y be d(0). Let a = 122 + y. What is the highest common factor of a and 5?
5
Suppose 0*t + 2*t + 13 = -3*n, -7 = 2*t + n. Let o = 21 - t. Calculate the greatest common divisor of o and 23.
23
Suppose -2*c + a + 3 = 2*c, 1 = 3*c - a. Calculate the greatest common divisor of 3 and c.
1
Let b be 2164/(-18) + (-4)/(-18). Let c be ((-2)/(-4))/((-3)/b). Calculate the greatest common divisor of c and 4.
4
Suppose -6*z = -4*z - d - 106, 5*d - 10 = 0. What is the highest common factor of z and 18?
18
Let u(c) = 12*c - 3. Let l be u(2). Calculate the greatest common divisor of 42 and l.
21
Suppose 5*j - 124 = -3*f, 17 = 4*j - f - 72. Calculate the highest common factor of 46 and j.
23
Let s = -30 + 69. Let r = -18 + s. Suppose 3*x - 4 - 5 = 0. What is the greatest common factor of x and r?
3
Let u(r) = -5*r + 10. Let p be u(-7). Suppose -o = -0*o - 3. Suppose o*y = 5*t - 5, -2*y + t + 21 = 3*y. What is the greatest common divisor of p and y?
5
Let v = -11 - -13. Suppose 2*c = 4*c + 3*x - 18, -3*c + 32 = v*x. Calculate the greatest common divisor of c and 4.
4
Suppose -8*r = -2*r - 96. Let z be (192/10)/((-12)/(-40)). Calculate the highest common factor of r and z.
16
Let k(a) = a**3 - 3*a**2 - 3*a - 2. Let o be k(4). Suppose -o*p + 46 = -2. Calculate the highest common factor of 48 and p.
24
Let d be 110/7 + (-4)/(-14). Let v be (132 - 1) + (-9)/(1 + 2). What is the highest common divisor of v and d?
16
Suppose 7*m = 3*m. Let d be 1 - (-10 - m - -1). Let f = -24 - -64. What is the greatest common divisor of f and d?
10
Let a(l) = 2*l**2 - 25*l + 30. Let q be a(12). Calculate the greatest common factor of 45 and q.
9
Let k(a) = -a + 9. Let v be k(4). Let f be -1 - (-1 + -5 + 0). What is the highest common factor of v and f?
5
Let i(r) = r**2 - 7*r + 6. Let j be i(7). What is the highest common factor of j and 3?
3
Let t(p) = -83*p + 1. Let x be t(-1). Suppose 2*w + 11 = o - 3*w, 4*w - x = -5*o. Calculate the highest common factor of o and 144.
16
Let u = 9 - 6. Let k(i) = -24*i. Let q be k(-2). Suppose -j = -u*j + q. Calculate the greatest common factor of 6 and j.
6
Let w = 140 + -8. Let n be w/8*40/6. Let p = -39 - -49. What is the greatest common divisor of n and p?
10
Let a be (-64 - -2)*(-1)/2. Suppose b - a + 11 = 0. What is the greatest common divisor of b and 80?
20
Let t(n) = 2*n - 1. Let g be t(7). What is the highest common factor of 91 and g?
13
Let c be -2 - 17*(2 - 7). Let d = c - 59. What is the highest common divisor of d and 8?
8
Let l = 30 - 21. Suppose -4*t + 5*g + 36 = 0, -4*g = -7 - l. Let r be 14/(-3)*(-4 - 5). Calculate the highest common factor of r and t.
14
Let x(z) = 2*z**2 + 5*z + 1. Let d be x(-4). Let f be (-1003)/(-7) - (-2)/(-7). What is the greatest common factor of f and d?
13
Suppose -4*w - 2 = 10. Let p be 0 - (-6 - (-3 - w)). Suppose -a - 2*a - 6 